{"id":690,"date":"2025-06-14T16:10:35","date_gmt":"2025-06-14T16:10:35","guid":{"rendered":"https:\/\/farbac.xyz\/?post_type=product&#038;p=690"},"modified":"2025-06-16T01:27:46","modified_gmt":"2025-06-16T01:27:46","slug":"cabeza-oup-130-micras-para-microqueratomo-moria","status":"publish","type":"product","link":"https:\/\/farbac.xyz\/index.php\/product\/cabeza-oup-130-micras-para-microqueratomo-moria\/","title":{"rendered":"Cabeza OUP 130 micras para microqueratomo"},"content":{"rendered":"<p>Las cabezas con navajas para microqueratomo OUP de Moria son componentes de alta precisi\u00f3n dise\u00f1ados espec\u00edficamente para su uso en microqueratomos de la serie OUP. Fabricadas con materiales de calidad superior, estas cabezas aseguran cortes limpios, uniformes y controlados en procedimientos de cirug\u00eda refractiva. Su dise\u00f1o t\u00e9cnico permite una adaptaci\u00f3n segura y eficiente, proporcionando a los cirujanos la confianza necesaria para realizar cirug\u00edas precisas y seguras, optimizando los resultados cl\u00ednicos y reduciendo riesgos de complicaciones. Dise\u00f1ado para un solo uso, ofrece la m\u00e1xima seguridad y evita riesgos de contaminaci\u00f3n cruzada.<\/p>\n","protected":false},"excerpt":{"rendered":"<p>Cabezas con navajas para microqueratomo OUP de Moria, fabricadas con materiales de alta precisi\u00f3n para optimizar el uso del microqueratomo y proveer un corte de la c\u00f3rnea preciso y seguro, garantizando calidad y rendimiento en procedimientos oftalmol\u00f3gicos.<\/p>\n","protected":false},"featured_media":677,"comment_status":"closed","ping_status":"closed","template":"","meta":{"_seopress_robots_primary_cat":"none","_seopress_titles_title":"","_seopress_titles_desc":"Cabezas con navajas para microqueratomo OUP de Moria, fabricadas con materiales de alta precisi\u00f3n para optimizar cortes corneales en procedimientos de cirug\u00eda refractiva, garantizando consistencia y seguridad en cada uso.","_seopress_robots_index":"","_et_pb_use_builder":"","_et_pb_old_content":"","_et_gb_content_width":""},"product_brand":[36],"product_cat":[42],"product_tag":[],"class_list":{"0":"post-690","1":"product","2":"type-product","3":"status-publish","4":"has-post-thumbnail","6":"product_brand-moria","7":"product_cat-microqueratomo","9":"first","10":"instock","11":"shipping-taxable","12":"product-type-simple"},"_links":{"self":[{"href":"https:\/\/farbac.xyz\/index.php\/wp-json\/wp\/v2\/product\/690","targetHints":{"allow":["GET"]}}],"collection":[{"href":"https:\/\/farbac.xyz\/index.php\/wp-json\/wp\/v2\/product"}],"about":[{"href":"https:\/\/farbac.xyz\/index.php\/wp-json\/wp\/v2\/types\/product"}],"replies":[{"embeddable":true,"href":"https:\/\/farbac.xyz\/index.php\/wp-json\/wp\/v2\/comments?post=690"}],"wp:featuredmedia":[{"embeddable":true,"href":"https:\/\/farbac.xyz\/index.php\/wp-json\/wp\/v2\/media\/677"}],"wp:attachment":[{"href":"https:\/\/farbac.xyz\/index.php\/wp-json\/wp\/v2\/media?parent=690"}],"wp:term":[{"taxonomy":"product_brand","embeddable":true,"href":"https:\/\/farbac.xyz\/index.php\/wp-json\/wp\/v2\/product_brand?post=690"},{"taxonomy":"product_cat","embeddable":true,"href":"https:\/\/farbac.xyz\/index.php\/wp-json\/wp\/v2\/product_cat?post=690"},{"taxonomy":"product_tag","embeddable":true,"href":"https:\/\/farbac.xyz\/index.php\/wp-json\/wp\/v2\/product_tag?post=690"}],"curies":[{"name":"wp","href":"https:\/\/api.w.org\/{rel}","templated":true}]}}