{"id":301,"date":"2022-09-01T03:20:29","date_gmt":"2022-09-01T03:20:29","guid":{"rendered":"http:\/\/farbac.xyz\/?post_type=product&#038;p=301"},"modified":"2025-06-13T20:42:30","modified_gmt":"2025-06-13T20:42:30","slug":"mesa-de-operaciones-500-xle","status":"publish","type":"product","link":"https:\/\/farbac.xyz\/index.php\/product\/mesa-de-operaciones-500-xle\/","title":{"rendered":"Camilla\/ Silla para tratamientos 500 XLE"},"content":{"rendered":"<p>[et_pb_section fb_built=\u00bb1&#8243; _builder_version=\u00bb4.16&#8243; custom_padding=\u00bb0px||||false|false\u00bb collapsed=\u00bbon\u00bb global_colors_info=\u00bb{}\u00bb][et_pb_row _builder_version=\u00bb4.16&#8243; background_size=\u00bbinitial\u00bb background_position=\u00bbtop_left\u00bb background_repeat=\u00bbrepeat\u00bb width=\u00bb100%\u00bb custom_padding=\u00bb0px||0px||false|false\u00bb global_colors_info=\u00bb{}\u00bb][et_pb_column type=\u00bb4_4&#8243; _builder_version=\u00bb4.16&#8243; custom_padding=\u00bb|||\u00bb global_colors_info=\u00bb{}\u00bb custom_padding__hover=\u00bb|||\u00bb][et_pb_wc_breadcrumb _builder_version=\u00bb4.16&#8243; global_colors_info=\u00bb{}\u00bb][\/et_pb_wc_breadcrumb][et_pb_wc_cart_notice _builder_version=\u00bb4.16&#8243; global_colors_info=\u00bb{}\u00bb][\/et_pb_wc_cart_notice][\/et_pb_column][\/et_pb_row][et_pb_row column_structure=\u00bb1_2,1_2&#8243; _builder_version=\u00bb4.16&#8243; background_size=\u00bbinitial\u00bb background_position=\u00bbtop_left\u00bb background_repeat=\u00bbrepeat\u00bb width=\u00bb100%\u00bb custom_padding=\u00bb0px||||false|false\u00bb global_colors_info=\u00bb{}\u00bb][et_pb_column type=\u00bb1_2&#8243; _builder_version=\u00bb4.16&#8243; custom_padding=\u00bb|||\u00bb global_colors_info=\u00bb{}\u00bb custom_padding__hover=\u00bb|||\u00bb][et_pb_wc_images _builder_version=\u00bb4.16&#8243; global_colors_info=\u00bb{}\u00bb][\/et_pb_wc_images][\/et_pb_column][et_pb_column type=\u00bb1_2&#8243; _builder_version=\u00bb4.16&#8243; custom_padding=\u00bb|||\u00bb global_colors_info=\u00bb{}\u00bb custom_padding__hover=\u00bb|||\u00bb][et_pb_wc_title _builder_version=\u00bb4.16&#8243; global_colors_info=\u00bb{}\u00bb][\/et_pb_wc_title][et_pb_wc_rating _builder_version=\u00bb4.16&#8243; global_colors_info=\u00bb{}\u00bb][\/et_pb_wc_rating][et_pb_wc_price _builder_version=\u00bb4.16&#8243; global_colors_info=\u00bb{}\u00bb][\/et_pb_wc_price][et_pb_wc_description _builder_version=\u00bb4.16&#8243; global_colors_info=\u00bb{}\u00bb][\/et_pb_wc_description][et_pb_wc_add_to_cart _builder_version=\u00bb4.16&#8243; global_colors_info=\u00bb{}\u00bb][\/et_pb_wc_add_to_cart][et_pb_wc_meta _builder_version=\u00bb4.16&#8243; global_colors_info=\u00bb{}\u00bb][\/et_pb_wc_meta][\/et_pb_column][\/et_pb_row][et_pb_row _builder_version=\u00bb4.16&#8243; background_size=\u00bbinitial\u00bb background_position=\u00bbtop_left\u00bb background_repeat=\u00bbrepeat\u00bb width=\u00bb100%\u00bb global_colors_info=\u00bb{}\u00bb][et_pb_column type=\u00bb4_4&#8243; _builder_version=\u00bb4.16&#8243; custom_padding=\u00bb|||\u00bb global_colors_info=\u00bb{}\u00bb custom_padding__hover=\u00bb|||\u00bb][et_pb_wc_tabs _builder_version=\u00bb4.16&#8243; global_colors_info=\u00bb{}\u00bb]\t\t\t\t\t[\/et_pb_wc_tabs][et_pb_wc_upsells _builder_version=\u00bb4.16&#8243; global_colors_info=\u00bb{}\u00bb][\/et_pb_wc_upsells][et_pb_wc_related_products _builder_version=\u00bb4.16&#8243; global_colors_info=\u00bb{}\u00bb][\/et_pb_wc_related_products][\/et_pb_column][\/et_pb_row][\/et_pb_section]<\/p>\n","protected":false},"excerpt":{"rendered":"<div class=\"et_pb_module et_pb_wc_description et_pb_wc_description_0_tb_body et_pb_bg_layout_light et_pb_text_align_justified\">\n<div class=\"et_pb_module_inner\">\n<div class=\"mb-3 text-justify\">\n<p>La <b>camilla quir\u00fargica el\u00e9ctrica 500XLE<\/b> est\u00e1 dise\u00f1ada espec\u00edficamente para la cirug\u00eda ambulatoria en oftalmolog\u00eda.<\/p>\n<p>El fabricante es la prestigiosa casa alemana UFSK que dise\u00f1a mobiliario quir\u00fargico pensando en el m\u00e1ximo confort para el paciente y la mejor ergonom\u00eda para el cirujano.<\/p>\n<\/div>\n<\/div>\n<\/div>\n","protected":false},"featured_media":261,"comment_status":"open","ping_status":"closed","template":"","meta":{"_seopress_robots_primary_cat":"none","_seopress_titles_title":"","_seopress_titles_desc":"","_seopress_robots_index":"","_et_pb_use_builder":"on","_et_pb_old_content":"<div class=\"et_pb_tab clearfix et_pb_active_content et-pb-active-slide\">\r\n<div class=\"et_pb_tab_content\">\r\n<div class=\"mb-3 text-justify\">\r\n\r\nLa camilla quir\u00fargica \u00f3 silla para tratamientos <b>500XLE<\/b> cuenta con <strong>\"TECNOLOG\u00cdA PREVENTIVA\"<\/strong> y pertenece a la <strong>Categor\u00eda de Desempe\u00f1o<\/strong> cuenta con las siguientes caracter\u00edsticas t\u00e9cnicas:\r\n<ul>\r\n \t<li>Gran estabilidad y f\u00e1cil maniobrabilidad (carga m\u00e1x. 250Kg.).<\/li>\r\n<\/ul>\r\n<ul>\r\n \t<li><span class=\"Y2IQFc\" lang=\"es\">Chasis con estructura de acero de precisi\u00f3n, galvanizado con revestimiento de zinc.<\/span><\/li>\r\n<\/ul>\r\n<ul>\r\n \t<li>Mando a distancia con 4 memorias.<\/li>\r\n<\/ul>\r\n<ul>\r\n \t<li>Pedal de control extra\u00edble para elevaci\u00f3n\/descenso del cabezal y soporte de pies ajustables independientemente.<\/li>\r\n<\/ul>\r\n<ul>\r\n \t<li>Posiciones ergon\u00f3micas ajustables el\u00e9ctricamente.<\/li>\r\n<\/ul>\r\n<ul>\r\n \t<li>Freno en las 4 ruedas dobles que tienen giro independiente.<\/li>\r\n<\/ul>\r\n<ul>\r\n \t<li>Asas de transporte integradas en el cabezal y los pies.<\/li>\r\n<\/ul>\r\n<ul>\r\n \t<li>Descansabrazos integrados, extra\u00edbles.<\/li>\r\n<\/ul>\r\n<ul>\r\n \t<li>Cuenta con tapicer\u00eda \"Skai\" antiderrapante de alta calidad.<\/li>\r\n<\/ul>\r\n<ul>\r\n \t<li>Cuenta con reposacabezas ajustable en altura v\u00eda motor independiente. Se puede programar para recibir pacientes con giba o cifosis para que puedan estar c\u00f3modos.<\/li>\r\n<\/ul>\r\n<ul>\r\n \t<li>Ideal para ser usada en espacios reducidos.<\/li>\r\n<\/ul>\r\n<ul>\r\n \t<li>Bater\u00edas f\u00e1cilmente recargables e intercambiables (30-40 intervenciones).<\/li>\r\n<\/ul>\r\n<ul>\r\n \t<li>Alerta \u00f3ptica y ac\u00fastica de carga bater\u00eda.<\/li>\r\n<\/ul>\r\n<ul>\r\n \t<li>Fijaci\u00f3n de los accesorios \"click-off\" de acero niquelado cromado.<\/li>\r\n<\/ul>\r\n<ul>\r\n \t<li>Bot\u00f3n de parada de emergencia.<\/li>\r\n<\/ul>\r\n<\/div>\r\n<strong>MARCA:<\/strong> UFSK-OSYS\r\n\r\n<strong>C\u00d3DIGO ARTICULO:<\/strong> 15000006\r\n\r\n<\/div>\r\n<\/div>","_et_gb_content_width":""},"product_brand":[40],"product_cat":[43],"product_tag":[],"class_list":{"0":"post-301","1":"product","2":"type-product","3":"status-publish","4":"has-post-thumbnail","6":"product_brand-ufsk-osys","7":"product_cat-camilla-quirurgica","9":"first","10":"instock","11":"shipping-taxable","12":"product-type-simple"},"_links":{"self":[{"href":"https:\/\/farbac.xyz\/index.php\/wp-json\/wp\/v2\/product\/301","targetHints":{"allow":["GET"]}}],"collection":[{"href":"https:\/\/farbac.xyz\/index.php\/wp-json\/wp\/v2\/product"}],"about":[{"href":"https:\/\/farbac.xyz\/index.php\/wp-json\/wp\/v2\/types\/product"}],"replies":[{"embeddable":true,"href":"https:\/\/farbac.xyz\/index.php\/wp-json\/wp\/v2\/comments?post=301"}],"wp:featuredmedia":[{"embeddable":true,"href":"https:\/\/farbac.xyz\/index.php\/wp-json\/wp\/v2\/media\/261"}],"wp:attachment":[{"href":"https:\/\/farbac.xyz\/index.php\/wp-json\/wp\/v2\/media?parent=301"}],"wp:term":[{"taxonomy":"product_brand","embeddable":true,"href":"https:\/\/farbac.xyz\/index.php\/wp-json\/wp\/v2\/product_brand?post=301"},{"taxonomy":"product_cat","embeddable":true,"href":"https:\/\/farbac.xyz\/index.php\/wp-json\/wp\/v2\/product_cat?post=301"},{"taxonomy":"product_tag","embeddable":true,"href":"https:\/\/farbac.xyz\/index.php\/wp-json\/wp\/v2\/product_tag?post=301"}],"curies":[{"name":"wp","href":"https:\/\/api.w.org\/{rel}","templated":true}]}}